s the highest common divisor of u and o?
12
Let p = -12 + 20. Let q(c) = c**3 - 4*c**2 + 2*c - 5. Let k be q(4). Let l be k - 2 - (-1 - -1). Calculate the greatest common factor of l and p.
1
Let r(s) = s + 6. Let i be r(4). Suppose x = -8 + i. What is the highest common divisor of x and 4?
2
Let k be (3 + 3 + (2 - 23))*-2. Calculate the highest common divisor of 330 and k.
30
Let s(d) = 4*d**3 - 2*d**2 - 3*d + 7. Let h be s(3). Calculate the highest common factor of 4 and h.
4
Suppose -6 = -t - 2*t. Suppose 4*h - 10 = -t*r, -h - 3*h + 3*r + 5 = 0. Suppose 19 + 15 = h*g. What is the greatest common divisor of g and 153?
17
Let i(m) = m**3 + 26*m**2 + 42*m - 25. Let j be i(-24). Calculate the highest common divisor of 17 and j.
17
Let z = -210 + 300. Let t be (-14)/(-21) - (-398)/6. Let y = -31 + t. What is the greatest common factor of y and z?
18
Suppose i + 9 = -2*i. Let d = 7 + i. Let a be (3/(-1))/(3/(-10)). Calculate the highest common divisor of d and a.
2
Let s(z) = -z**3 + 4*z**2 + 7*z + 2. Let g be s(5). Suppose -3*h + 155 + 526 = 0. Let b = 323 - h. What is the highest common divisor of g and b?
12
Let y = 13 + -13. Suppose 5*n + 5*h = 215, -5*n + y*h = -5*h - 235. Calculate the greatest common divisor of n and 9.
9
Suppose 3*q = -6*q + 360. What is the highest common divisor of q and 280?
40
Let h(z) = 2*z + z + 0*z. Let g be h(1). Let n be (g/(-2) - -2)*34. What is the highest common factor of 17 and n?
17
Suppose -15 = t - 6*t. Suppose c - 18 = 5*b, 0*b + c + 18 = -4*b. Let d(n) = -n**2 - 5*n - 3. Let i be d(b). Calculate the greatest common factor of i and t.
1
Suppose -5*p = -0*p + 5*s + 25, -5*p = -2*s - 10. Suppose p = -r + 15 - 2. Let l be (-6500)/150*3/(-2). Calculate the greatest common factor of r and l.
13
Suppose 2*b + 2*b + 212 = 0. Let u = b + 93. Suppose -4*f + 75 = -3*s, -2*s - u = -2*f - 0*s. Calculate the greatest common divisor of 90 and f.
15
Let d(j) = -j**3 + 4*j**2 + 3*j - 6. Let n be d(4). Let s = -6 + n. Suppose 5*p + 2*r - 30 = s, -2*r + 3 = -7. Calculate the greatest common divisor of p and 1.
1
Suppose 0 = t - 3*j + j - 8, -4 = t - 5*j. What is the highest common divisor of t and 16?
16
Let f(k) = -k**3 - 8*k**2 - 4*k. Let p be f(-9). Let d = p + 15. Suppose -z - 2 = -14. Calculate the greatest common divisor of d and z.
12
Let j(q) = 1. Let x(l) = 4*l - 2. Let t(u) = -3*j(u) - x(u). Let w be t(-1). Let z be w/(1 + (-75)/84). Calculate the greatest common divisor of z and 42.
14
Let a(c) = -c**3 - 13*c**2 - 23*c - 5. Let s be a(-11). Calculate the highest common factor of s and 30.
6
Suppose -7*a = 5*f - 2*a - 950, -f - 2*a = -185. What is the highest common divisor of 39 and f?
39
Let m(u) = -u**2 + 17*u - 19. Let p be m(13). Let i be (-42)/(-9)*p/2. Calculate the highest common factor of 11 and i.
11
Suppose 2*n - 49 = -c, -n + c + 27 = 2*c. Let x be (-41 + 40)/((-1)/55). What is the greatest common divisor of x and n?
11
Let k = -381 - -535. What is the greatest common divisor of k and 14?
14
Let j(h) be the second derivative of -h**3 - 3*h. Let d be j(-3). Let i(z) = z**2 + 4*z + 1. Let u be i(-5). Calculate the highest common factor of u and d.
6
Let x = 63 - 123. Let k be ((-2)/(-2))/((-5)/x). Let g = -36 - -120. What is the greatest common divisor of k and g?
12
Suppose -w = 0, -1 = -m + w + 17. Calculate the highest common factor of m and 45.
9
Let f be 4 + (-10)/(-5) + 1. What is the greatest common factor of 1 and f?
1
Let b = -19 - -38. What is the greatest common divisor of b and 171?
19
Suppose 0 = -v - 1. Let r be (0 - 2)/(v/(-5)). Let c(u) = -2*u + 1. Let q be c(r). Calculate the greatest common factor of 14 and q.
7
Let z be -3 + 6 + 4/2. Suppose -28 = -4*g - 0*u - z*u, 5*u - 24 = -2*g. Suppose -4*i = -3*o + o + g, o = 3*i. What is the highest common factor of o and 3?
3
Let z(m) = -3*m**3 + m**2 + 4*m + 3. Let v be z(-1). Calculate the highest common factor of 21 and v.
3
Let z = -20 - -18. Let v be (3/z)/(6/(-504)). Calculate the greatest common divisor of v and 14.
14
Suppose 5*r + 0 = 45. Suppose -5 - 31 = 4*y. Let b be (4 - 169)*y/15. Calculate the greatest common divisor of r and b.
9
Suppose 3*h = -d - 598, 0 = 7*h - 2*h + d + 998. Let t = 299 + h. Suppose 15 = 2*q - 7. Calculate the greatest common factor of t and q.
11
Suppose -7 - 3 = -k - 3*x, k - 2*x - 10 = 0. Let w be 8/20 - (-46)/k. Let r(m) = 5*m - 5. Let l be r(w). Calculate the greatest common divisor of 50 and l.
10
Let f(c) = 53*c + 6. Let p be f(3). What is the highest common divisor of p and 15?
15
Let w be 6/(-15) + (-1176)/(-15). Suppose -a = -34 - w. Calculate the greatest common divisor of a and 14.
14
Let h(j) = -j**3 + j**2 + j + 80. Let n be h(0). Let f = -4 - -14. Calculate the highest common divisor of f and n.
10
Let z = 27 - 9. Suppose 2*t = -3*t - 4*l + 38, 4*l = 5*t - 22. What is the highest common divisor of z and t?
6
Suppose -3 = -2*g + 7. Let j = g - -8. Calculate the greatest common divisor of 143 and j.
13
Let u(q) = -q**2 - 6*q - 3. Let s be u(-2). Suppose -p + 3 + 0 = 0, 315 = s*h + 5*p. Calculate the highest common divisor of 40 and h.
20
Let d(b) = -b**3 - 4*b**2 + 2. Let t be d(-5). Calculate the highest common factor of t and 27.
27
Suppose 5*v + c + 275 = -0*c, 2*c - 220 = 4*v. Let f = 127 + v. Calculate the highest common divisor of 24 and f.
24
Suppose 13*t = 9*t + 60. Suppose 26 = d - 139. What is the greatest common factor of t and d?
15
Let c = 22 - 19. Suppose c*g + 83 = 395. What is the greatest common divisor of g and 13?
13
Let t be (-2 - -3 - 0) + 53. Let z = 10 + -4. Calculate the greatest common factor of z and t.
6
Suppose 9 - 1 = 4*c. Let q be 147 + c + 5 + -2. Calculate the greatest common divisor of 19 and q.
19
Let n(i) = -11*i - 24. Let p be n(-12). Let y(x) = -4*x - 4. Let g be y(-4). What is the greatest common divisor of p and g?
12
Let n be (-20)/(-130) + (-282)/(-26). Let w = -58 + 113. Calculate the greatest common divisor of w and n.
11
Let b be (-8)/(24/(-63))*1. What is the highest common divisor of 84 and b?
21
Let c = 64 - -56. Calculate the greatest common factor of 24 and c.
24
Suppose -2*d + 4*d - 5*p - 16 = 0, 8 = -4*p. Let g = d + -7. Let t = g - -17. Calculate the highest common factor of 13 and t.
13
Let a be (-140)/(-7)*8/10. What is the greatest common divisor of a and 64?
16
Suppose 0 = 2*d - 5*d + 69. Let n = d - 16. Suppose 0 = -3*g - 2*j + 21, 37 - 9 = 4*g - 4*j. What is the highest common divisor of g and n?
7
Let n be 4324/24 - ((-57)/(-18) + -3). What is the highest common factor of n and 18?
18
Suppose 2*w = y - 23, -3*y - 5*w - 110 = -8*y. Suppose -8 = 2*o, -5*o - 81 + y = -d. Suppose -5 - d = -5*u. Calculate the greatest common divisor of u and 3.
3
Suppose -4*k + 4*j + 316 = 0, -4*k + 3*k + 5*j + 59 = 0. What is the highest common divisor of k and 12?
12
Suppose -x + 221 + 2 = 0. Suppose -4*r = -4*p - 292, -2*p = -3*r - p + x. Calculate the greatest common divisor of 15 and r.
15
Let y = 8 + -16. Let o = -2 - -30. Let z = o + y. What is the greatest common divisor of z and 10?
10
Let n be 3 - 0*(-2)/(-4). Let z be 53 + n/((-6)/(-4)). Let o = -11 + z. What is the greatest common divisor of 22 and o?
22
Let a be (-2)/(-4)*(-2 - -12). Suppose x - a*v = 2 + 10, 2*x = -5*v + 24. Calculate the highest common factor of x and 36.
12
Let l(u) = u**2 + 22*u + 17. Let k be l(-22). Calculate the highest common factor of 51 and k.
17
Let o(u) = -u**2 + 8*u - 8. Let b be o(6). Let f(h) = -h + 4. Let k be f(0). Calculate the highest common divisor of k and b.
4
Let x(k) = -k + 18. Let m be x(10). What is the greatest common factor of 72 and m?
8
Let d(c) = 5*c - 40. Let s be d(11). Calculate the highest common divisor of 15 and s.
15
Let u be ((-6)/(-4))/(27/252). Calculate the highest common divisor of 28 and u.
14
Let s(y) = -3 + 2 - 66*y + 1 - 2. Let v be s(-1). What is the highest common factor of v and 8?
8
Suppose 5*q = -4*u + u - 85, 2*q + 148 = -5*u. Suppose 4*v = -5*g + 2*v + 467, -5*v - 210 = -2*g. Let k = u + g. What is the highest common divisor of 13 and k?
13
Let i = 26 - 8. Let z = -17 + i. Suppose 0 = 2*k + 2*t - 10, 2*t + 8 = -0. What is the highest common factor of k and z?
1
Let n = 17 + 19. Calculate the highest common factor of 9 and 